/12 + 11*p**3/6 - 9*p**2/2 - 2*p. Suppose 4*m = 22 + 38. What is the remainder when m is divided by b(9)?
6
Let x = 306 - 288. What is the remainder when 87 is divided by x?
15
Let g(m) = 125*m + 2. Suppose 0 = -5*q + 4*y + 243, 4*q + 0*y - y - 201 = 0. Calculate the remainder when g(2) is divided by q.
48
Let a(p) = 5*p**2 - 2*p + 1. Let q be a(1). Calculate the remainder when 63 is divided by (-66)/q*(-4 + 50/15).
8
Let z(q) be the third derivative of -q**5/60 - 5*q**4/12 - 5*q**3/6 + 7*q**2. Suppose -y + 13 = -0*y. What is the remainder when y is divided by z(-9)?
1
Let o = 16 - 17. Let d(a) = -a**3 + 1. Let b(n) = -3*n**3 + 9*n**2 + 6*n + 7. Let l(s) = o*b(s) + 4*d(s). What is the remainder when l(-9) is divided by 13?
12
Suppose -7*f + 31 + 81 = 0. What is the remainder when 46 is divided by f?
14
Let a(t) = t**3 + 5*t**2 - 7*t - 3. Suppose -701*x + 694*x = -77. What is the remainder when x is divided by a(-6)?
2
Let h(g) = 3*g**2 + 6 - 3*g + 4*g**2 - 6*g**2 + g**3. Let t(w) = 2*w**2 + 10*w - 3. What is the remainder when h(4) is divided by t(-7)?
24
Let m = -7 + 15. Let j(s) = -s**2 - 10*s - 2. What is the remainder when j(-7) is divided by ((-14)/m + -1)*-4?
8
Suppose 12 = -4*n, -3*h = -8*h - 2*n + 119. Let g = h - 3. Calculate the remainder when -123*(2 - (-7)/(-3)) is divided by g.
19
Suppose -2*d + 14 = -0. Suppose -4 = s + 2*h, 12 + 5 = 2*s - h. Suppose 108 = -2*m + s*m. What is the remainder when m is divided by d?
6
Let w(u) = -u**2 - 18*u - 55. Suppose 3*x - 10 = 17. What is the remainder when w(-11) is divided by x?
4
Let n(v) = 5*v**3 - 5 - 5*v + 5*v**2 - v**2 - 4*v**3. What is the remainder when n(-4) is divided by 10?
5
Let w(u) = u**3 + 8*u**2 + 5*u - 5. Let d be w(-7). Suppose 5*v - 5*n - 36 = -d*n, -2*v = 4*n - 12. What is the remainder when 70 is divided by v?
6
Let k(l) = l**2 - 4*l + 157. Calculate the remainder when k(15) is divided by 18.
16
Suppose -248 = 75*x - 2798. What is the remainder when 135 is divided by x?
33
What is the remainder when ((-10)/2 - -3)/(26/(-494)) is divided by 10?
8
Suppose 21204 + 3480 = 44*g. What is the remainder when g is divided by 26?
15
Suppose -4*y + 6 = 46. Calculate the remainder when y/(-2*(-1)/(-8)) is divided by ((-3)/6*28/3)/((-50)/225).
19
Let y = 36 - 21. Let l = 74 - 111. Let b = l - -43. Calculate the remainder when y is divided by b.
3
Suppose 19*v - 56 = 17*v. Let g = v + -26. Suppose -f - f = -t + g, -3*t + 17 = 5*f. What is the remainder when f is divided by 1?
0
Let a be 92/8 + (-9)/6. Let u = a + 16. What is the remainder when u is divided by 18?
8
Suppose 635 = 3*x + 614. Calculate the remainder when x is divided by 5.
2
Let t(b) be the first derivative of -16*b**2 - 7*b + 8. What is the remainder when t(-4) is divided by 41?
39
Suppose -9*q - 29 = -38. Suppose -h = -q - 77. Let o = 7 - -13. Calculate the remainder when h is divided by o.
18
Suppose -16 - 4 = -5*w. Suppose x + 5*n + 13 = -2, 3*x - n = 3. Suppose 5*y - 7 - 28 = x. Calculate the remainder when y is divided by w.
3
Let o(t) = -11*t**3 - t**2 - 5*t - 3. Calculate the remainder when o(-3) is divided by 19.
15
Let j(o) = o**2 + 13*o + 42. Let p be j(-5). Suppose -p*t + 128 = -4*s, 3*t - 359 = -2*t - 3*s. What is the remainder when t is divided by 6?
4
Suppose -364 = -4*l - 9*l. What is the remainder when 385 is divided by l?
21
Let l = 10 - 7. Suppose 0 = -2*v - 5*v + 35. Suppose v = 2*c + 5*p + 3, 4*c = -2*p + 4. What is the remainder when l is divided by c?
0
Suppose 13*x - 60 = 9*x. Suppose 0 = 5*w - 2*w - 219. Calculate the remainder when w is divided by x.
13
Suppose 0 = -4*q - 5*q + 378. Suppose k = 3*k + 2, q = 5*j - 2*k. What is the remainder when j is divided by 2?
0
Let l be (-185)/(-15) + 2 + (-7)/3. Let z be 43/9 + (-6)/(-27). Suppose 7*o = z*o + l. Calculate the remainder when 34 is divided by o.
4
Let b = 98 + -18. Suppose 0 = c - b + 56. Calculate the remainder when 189 is divided by c.
21
What is the remainder when 90 is divided by 2/12 - (-664)/48?
6
Suppose -2*k = 5*b - 2*b - 53, -4*k + 4*b + 56 = 0. Suppose -z - 2*g + 67 + 12 = 0, -z = 3*g - 82. What is the remainder when z is divided by k?
16
Suppose -57 = -2*o - 5*b, -8*o - 5*b - 90 = -13*o. Suppose 81 = v - 0*v. What is the remainder when v is divided by o?
18
Let n(l) = 66*l - 5. Let w be n(3). Suppose -2*k - 3*c = 2*c - w, 5*c = -k + 99. Calculate the remainder when 3*(-2 + k/6) is divided by 21.
20
Let w = -21 - 25. Let k = -39 - w. Calculate the remainder when 12 is divided by k.
5
Let b(o) = 2*o**2 - 1. What is the remainder when 47 is divided by b(-2)?
5
Let a = 536 + -27. What is the remainder when a is divided by 51?
50
Let g(d) = -2*d - 45. Calculate the remainder when g(-29) is divided by 2.
1
Suppose 0*d - 4*x - 111 = -d, -498 = -4*d - 2*x. What is the remainder when d is divided by 46?
31
Suppose 0 = 4*c, 3*r + 2*c - 9 = -0. Let u(j) = j**2 - 2*j - 4. Let a be u(5). What is the remainder when (-3)/6 - a/(-2) is divided by r?
2
Suppose 0 = -4*q + 5*q + 1, 2*y - 2*q - 6 = 0. Suppose w - 42 = -y*w. What is the remainder when 53 is divided by w?
11
Suppose -3*s + 10 = 2*s, 3*k + 2*s - 37 = 0. Suppose -2*p + 7*p - 40 = 0. Suppose 20 = -3*f + p*f. Calculate the remainder when k is divided by f.
3
What is the remainder when -700*(-4)/8 - 3 is divided by 27?
23
Let p be (2/(-4))/((-6)/12). Let y(d) = d**2 - 7*d + 7. Let j be y(6). Calculate the remainder when 24 is divided by j + (-2 - -11) - p.
6
Suppose 2*p - 102 = 80. Let l = p + -77. What is the remainder when 207 is divided by l?
11
Let f(g) = -g**3 + 4*g**2 + 21*g + 16. Let b(n) = 3*n**2 - 2*n - 7. Calculate the remainder when b(4) is divided by f(7).
1
Let l(q) = -q + 57. What is the remainder when 85 is divided by l(-13)?
15
Suppose 0*g + g = 20. Let b = g + -14. Suppose -2*s + 16 + 16 = -2*u, 4*u = s - 13. Calculate the remainder when s is divided by b.
5
Let o = -300 - -308. Let j be (50/8)/((-3)/(-60)). Let k = j - 80. What is the remainder when k is divided by o?
5
Let p(x) = -x**3 + 27*x**2 + 39*x + 38. What is the remainder when p(28) is divided by 12?
10
What is the remainder when 236 is divided by 9/(-21) + 6392/329?
8
What is the remainder when 94 is divided by (20 + 31)/((-5)/(-2) + -1)?
26
Let n(o) = 1. Let g(i) = 23*i + 8. Let r(p) = -g(p) + 3*n(p). What is the remainder when r(-4) is divided by 15?
12
What is the remainder when ((11466/27)/7)/(4/6) is divided by 27?
10
Let k = 11 - -7. Suppose 0 = r + 4*a - 31, 4*a = 2*r + a - k. What is the remainder when 53 is divided by r?
8
Suppose -73 = -2*d + 129. Suppose 2*c - d = 49. What is the remainder when c is divided by 26?
23
Let p be (-4)/(0 - (-4)/8). Let q = 13 + p. Suppose -q*t = 52 - 187. What is the remainder when 52 is divided by t?
25
Suppose -433 = -20*r + 127. Let l = 11 - 3. Calculate the remainder when r is divided by l.
4
Suppose 2*j = 54 + 76. Suppose -3*u - 131 + 191 = 0. Calculate the remainder when j is divided by u.
5
Suppose -q = w - 4, 4*q + 0*w = w + 6. Suppose 3*g - 5 = -q. Calculate the remainder when 58 is divided by -6*g/2*-5.
13
Suppose 8*n = 16 - 0. Suppose 6*q - n*q + l = 75, l - 15 = -q. Suppose 0*h - 3*x = -h + 65, -3*h = -2*x - 181. What is the remainder when h is divided by q?
19
Let g(r) = -r**3 - r + 1. Let y be g(1). Let k(n) = -10*n - 1. Let j be k(y). Suppose -j = -0*d - 3*d. Calculate the remainder when 14 is divided by d.
2
Suppose -9*f = 281 - 803. Suppose 4*u - 138 = v, 0 = 2*u + 2*v - 16 - f. What is the remainder when 67 is divided by u?
32
Let d = -54 - -52. Calculate the remainder when 39 is divided by (32/16)/((-1)/10*d).
9
Let i = -1 - -10. Suppose -4*y + 32 = 108. Let l = y - -23. What is the remainder when i is divided by l?
1
Calculate the remainder when (76/(-28))/((-16)/1232) is divided by 104.
1
Let m(u) = -u**2 - 34*u + 94. Calculate the remainder when m(-33) is divided by 39.
10
Suppose -100*y + 47*y = -13727. What is the remainder when y is divided by 62?
11
Let t(w) = w**2 - 6*w + 2. Suppose -19 = -4*q - 3. Suppose 0 = -q*y + 31 + 105. What is the remainder when y is divided by t(-1)?
7
Suppose -23*f = -19*f + 224. Let l = -38 - f. Calculate the remainder when l is divided by 5.
3
Suppose 2*m = -72 - 38. Let c = -31 - m. Suppose -4*g = -0*g - c. What i